{"id":1792,"date":"2026-02-27T19:13:10","date_gmt":"2026-02-27T19:13:10","guid":{"rendered":"https:\/\/preppingpro.com\/?post_type=product&#038;p=1792"},"modified":"2026-02-27T19:13:49","modified_gmt":"2026-02-27T19:13:49","slug":"60-serving-entree-only-grab-n-go-bucket","status":"publish","type":"product","link":"https:\/\/preppingpro.com\/index.php\/product\/60-serving-entree-only-grab-n-go-bucket\/","title":{"rendered":"60 Serving Entree Only Grab n Go Bucket"},"content":{"rendered":"<p>Our 60 serving emergency food supply bucket is a staple for any emergency. Whether you&#8217;re affected by a snow storm, hurricane or other weather emergency, it&#8217;s wise to be prepared. These great-tasting freeze-dried and dehydrated foods are ready in minutes when you just add water. They also come in stackable buckets with an easy Grab-N-Go handle, so they&#8217;re easy to store and transport.<br \/>\nWhat&#8217;s included in this kit?<\/p>\n<p> \t1 pouch of Cheesy Lasagna (6 total servings)<br \/>\n \t1 pouch of Creamy Pasta (6 total servings)<br \/>\n \t1 pouch of Pasta Alfredo (6 total servings)<br \/>\n \t1 pouch of Chicken Flavored Noodle Soup (6 total servings)<br \/>\n \t1 pouch of Savory Stroganoff (6 total servings)<br \/>\n \t1 pouch of Hearty Tortilla Soup (6 total servings)<br \/>\n \t2 pouches of Teriyaki and Rice (12 total servings)<br \/>\n \t1 pouch of Southwest Beans and Rice (6 total servings)<br \/>\n \t1 pouch of Cheesy Macaroni (6 total servings)<\/p>\n<p>* In order to get this item to you as fast as possible, we may swap out an entr\u00e9e or breakfast with another entr\u00e9e or breakfast in this bucket. This means that the pouches of a particular entr\u00e9e or breakfast you receive in the bucket we send you may not match exactly with the configuration shown here. The number of servings will not change. The number of pouches you receive will not change.<br \/>\nAdditional Product Details:<\/p>\n<p> \tIncludes 1 total bucket<br \/>\n \tTotal calories: 13,400<br \/>\n \tFood is safely sealed in Metallyte\u2122 pouches<br \/>\n \tTo avoid waste, each pouch conveniently contains 4 servings<br \/>\n \tGrab-and-go handles for easy transport in an emergency<br \/>\n \t25 year shelf life<\/p>\n<p>Total Weight: 11 lbs<\/p>\n<p>Dimensions: 11.75&#8243; x 9.75&#8243; x 12.50&#8243;<\/p>\n","protected":false},"excerpt":{"rendered":"<p>60 Serving Entree Only Grab n Go Bucket<\/p>\n","protected":false},"featured_media":1861,"template":"","meta":[],"product_brand":[],"product_cat":[33,34],"product_tag":[],"class_list":{"0":"post-1792","1":"product","2":"type-product","3":"status-publish","4":"has-post-thumbnail","6":"product_cat-food-storage-buckets","7":"product_cat-long-term-food-storage","9":"first","10":"instock","11":"sale","12":"taxable","13":"shipping-taxable","14":"purchasable","15":"product-type-simple"},"yoast_head":"<!-- This site is optimized with the Yoast SEO Premium plugin v27.4 (Yoast SEO v27.4) - https:\/\/yoast.com\/product\/yoast-seo-premium-wordpress\/ -->\n<title>60 Serving Entree Only Grab n Go Bucket - Prepping Pro<\/title>\n<meta name=\"robots\" content=\"index, follow, max-snippet:-1, max-image-preview:large, max-video-preview:-1\" \/>\n<link rel=\"canonical\" href=\"https:\/\/preppingpro.com\/index.php\/product\/60-serving-entree-only-grab-n-go-bucket\/\" \/>\n<meta property=\"og:locale\" content=\"en_US\" \/>\n<meta property=\"og:type\" content=\"article\" \/>\n<meta property=\"og:title\" content=\"60 Serving Entree Only Grab n Go Bucket\" \/>\n<meta property=\"og:description\" content=\"60 Serving Entree Only Grab n Go Bucket\" \/>\n<meta property=\"og:url\" content=\"https:\/\/preppingpro.com\/index.php\/product\/60-serving-entree-only-grab-n-go-bucket\/\" \/>\n<meta property=\"og:site_name\" content=\"Prepping Pro\" \/>\n<meta property=\"article:modified_time\" content=\"2026-02-27T19:13:49+00:00\" \/>\n<meta property=\"og:image\" content=\"https:\/\/preppingpro.com\/wp-content\/uploads\/2026\/02\/FS60.jpg\" \/>\n\t<meta property=\"og:image:width\" content=\"2000\" \/>\n\t<meta property=\"og:image:height\" content=\"2000\" \/>\n\t<meta property=\"og:image:type\" content=\"image\/jpeg\" \/>\n<meta name=\"twitter:card\" content=\"summary_large_image\" \/>\n<meta name=\"twitter:label1\" content=\"Price\" \/>\n\t<meta name=\"twitter:data1\" content=\"&#036;149.99\" \/>\n\t<meta name=\"twitter:label2\" content=\"Availability\" \/>\n\t<meta name=\"twitter:data2\" content=\"In stock\" \/>\n<script type=\"application\/ld+json\" class=\"yoast-schema-graph\">{\"@context\":\"https:\\\/\\\/schema.org\",\"@graph\":[{\"@type\":\"WebPage\",\"@id\":\"https:\\\/\\\/preppingpro.com\\\/index.php\\\/product\\\/60-serving-entree-only-grab-n-go-bucket\\\/\",\"url\":\"https:\\\/\\\/preppingpro.com\\\/index.php\\\/product\\\/60-serving-entree-only-grab-n-go-bucket\\\/\",\"name\":\"60 Serving Entree Only Grab n Go Bucket - Prepping Pro\",\"isPartOf\":{\"@id\":\"https:\\\/\\\/preppingpro.com\\\/#website\"},\"primaryImageOfPage\":{\"@id\":\"https:\\\/\\\/preppingpro.com\\\/index.php\\\/product\\\/60-serving-entree-only-grab-n-go-bucket\\\/#primaryimage\"},\"image\":{\"@id\":\"https:\\\/\\\/preppingpro.com\\\/index.php\\\/product\\\/60-serving-entree-only-grab-n-go-bucket\\\/#primaryimage\"},\"thumbnailUrl\":\"https:\\\/\\\/preppingpro.com\\\/wp-content\\\/uploads\\\/2026\\\/02\\\/FS60.jpg\",\"datePublished\":\"2026-02-27T19:13:10+00:00\",\"dateModified\":\"2026-02-27T19:13:49+00:00\",\"breadcrumb\":{\"@id\":\"https:\\\/\\\/preppingpro.com\\\/index.php\\\/product\\\/60-serving-entree-only-grab-n-go-bucket\\\/#breadcrumb\"},\"inLanguage\":\"en-US\",\"potentialAction\":[{\"@type\":\"ReadAction\",\"target\":[\"https:\\\/\\\/preppingpro.com\\\/index.php\\\/product\\\/60-serving-entree-only-grab-n-go-bucket\\\/\"]}]},{\"@type\":\"ImageObject\",\"inLanguage\":\"en-US\",\"@id\":\"https:\\\/\\\/preppingpro.com\\\/index.php\\\/product\\\/60-serving-entree-only-grab-n-go-bucket\\\/#primaryimage\",\"url\":\"https:\\\/\\\/preppingpro.com\\\/wp-content\\\/uploads\\\/2026\\\/02\\\/FS60.jpg\",\"contentUrl\":\"https:\\\/\\\/preppingpro.com\\\/wp-content\\\/uploads\\\/2026\\\/02\\\/FS60.jpg\",\"width\":2000,\"height\":2000},{\"@type\":\"BreadcrumbList\",\"@id\":\"https:\\\/\\\/preppingpro.com\\\/index.php\\\/product\\\/60-serving-entree-only-grab-n-go-bucket\\\/#breadcrumb\",\"itemListElement\":[{\"@type\":\"ListItem\",\"position\":1,\"name\":\"Home\",\"item\":\"https:\\\/\\\/preppingpro.com\\\/\"},{\"@type\":\"ListItem\",\"position\":2,\"name\":\"Shop\",\"item\":\"https:\\\/\\\/preppingpro.com\\\/index.php\\\/shop\\\/\"},{\"@type\":\"ListItem\",\"position\":3,\"name\":\"60 Serving Entree Only Grab n Go Bucket\"}]},{\"@type\":\"WebSite\",\"@id\":\"https:\\\/\\\/preppingpro.com\\\/#website\",\"url\":\"https:\\\/\\\/preppingpro.com\\\/\",\"name\":\"Prepping Pro\",\"description\":\"Prepper Supplies &amp; Gear | Survival Kits | Prepping Products\",\"publisher\":{\"@id\":\"https:\\\/\\\/preppingpro.com\\\/#organization\"},\"potentialAction\":[{\"@type\":\"SearchAction\",\"target\":{\"@type\":\"EntryPoint\",\"urlTemplate\":\"https:\\\/\\\/preppingpro.com\\\/?s={search_term_string}\"},\"query-input\":{\"@type\":\"PropertyValueSpecification\",\"valueRequired\":true,\"valueName\":\"search_term_string\"}}],\"inLanguage\":\"en-US\"},{\"@type\":\"Organization\",\"@id\":\"https:\\\/\\\/preppingpro.com\\\/#organization\",\"name\":\"Prepping Pro\",\"url\":\"https:\\\/\\\/preppingpro.com\\\/\",\"logo\":{\"@type\":\"ImageObject\",\"inLanguage\":\"en-US\",\"@id\":\"https:\\\/\\\/preppingpro.com\\\/#\\\/schema\\\/logo\\\/image\\\/\",\"url\":\"https:\\\/\\\/preppingpro.com\\\/wp-content\\\/uploads\\\/2026\\\/02\\\/prepping-pro-logo-2.png\",\"contentUrl\":\"https:\\\/\\\/preppingpro.com\\\/wp-content\\\/uploads\\\/2026\\\/02\\\/prepping-pro-logo-2.png\",\"width\":1024,\"height\":1024,\"caption\":\"Prepping Pro\"},\"image\":{\"@id\":\"https:\\\/\\\/preppingpro.com\\\/#\\\/schema\\\/logo\\\/image\\\/\"}}]}<\/script>\n<meta property=\"product:price:amount\" content=\"149.99\" \/>\n<meta property=\"product:price:currency\" content=\"USD\" \/>\n<meta property=\"og:availability\" content=\"instock\" \/>\n<meta property=\"product:availability\" content=\"instock\" \/>\n<meta property=\"product:retailer_item_id\" content=\"FS60\" \/>\n<meta property=\"product:condition\" content=\"new\" \/>\n<!-- \/ Yoast SEO Premium plugin. -->","yoast_head_json":{"title":"60 Serving Entree Only Grab n Go Bucket - Prepping Pro","robots":{"index":"index","follow":"follow","max-snippet":"max-snippet:-1","max-image-preview":"max-image-preview:large","max-video-preview":"max-video-preview:-1"},"canonical":"https:\/\/preppingpro.com\/index.php\/product\/60-serving-entree-only-grab-n-go-bucket\/","og_locale":"en_US","og_type":"article","og_title":"60 Serving Entree Only Grab n Go Bucket","og_description":"60 Serving Entree Only Grab n Go Bucket","og_url":"https:\/\/preppingpro.com\/index.php\/product\/60-serving-entree-only-grab-n-go-bucket\/","og_site_name":"Prepping Pro","article_modified_time":"2026-02-27T19:13:49+00:00","og_image":[{"width":2000,"height":2000,"url":"https:\/\/preppingpro.com\/wp-content\/uploads\/2026\/02\/FS60.jpg","type":"image\/jpeg"}],"twitter_card":"summary_large_image","twitter_misc":{"Price":"&#36;149.99","Availability":"In stock"},"schema":{"@context":"https:\/\/schema.org","@graph":[{"@type":"WebPage","@id":"https:\/\/preppingpro.com\/index.php\/product\/60-serving-entree-only-grab-n-go-bucket\/","url":"https:\/\/preppingpro.com\/index.php\/product\/60-serving-entree-only-grab-n-go-bucket\/","name":"60 Serving Entree Only Grab n Go Bucket - Prepping Pro","isPartOf":{"@id":"https:\/\/preppingpro.com\/#website"},"primaryImageOfPage":{"@id":"https:\/\/preppingpro.com\/index.php\/product\/60-serving-entree-only-grab-n-go-bucket\/#primaryimage"},"image":{"@id":"https:\/\/preppingpro.com\/index.php\/product\/60-serving-entree-only-grab-n-go-bucket\/#primaryimage"},"thumbnailUrl":"https:\/\/preppingpro.com\/wp-content\/uploads\/2026\/02\/FS60.jpg","datePublished":"2026-02-27T19:13:10+00:00","dateModified":"2026-02-27T19:13:49+00:00","breadcrumb":{"@id":"https:\/\/preppingpro.com\/index.php\/product\/60-serving-entree-only-grab-n-go-bucket\/#breadcrumb"},"inLanguage":"en-US","potentialAction":[{"@type":"ReadAction","target":["https:\/\/preppingpro.com\/index.php\/product\/60-serving-entree-only-grab-n-go-bucket\/"]}]},{"@type":"ImageObject","inLanguage":"en-US","@id":"https:\/\/preppingpro.com\/index.php\/product\/60-serving-entree-only-grab-n-go-bucket\/#primaryimage","url":"https:\/\/preppingpro.com\/wp-content\/uploads\/2026\/02\/FS60.jpg","contentUrl":"https:\/\/preppingpro.com\/wp-content\/uploads\/2026\/02\/FS60.jpg","width":2000,"height":2000},{"@type":"BreadcrumbList","@id":"https:\/\/preppingpro.com\/index.php\/product\/60-serving-entree-only-grab-n-go-bucket\/#breadcrumb","itemListElement":[{"@type":"ListItem","position":1,"name":"Home","item":"https:\/\/preppingpro.com\/"},{"@type":"ListItem","position":2,"name":"Shop","item":"https:\/\/preppingpro.com\/index.php\/shop\/"},{"@type":"ListItem","position":3,"name":"60 Serving Entree Only Grab n Go Bucket"}]},{"@type":"WebSite","@id":"https:\/\/preppingpro.com\/#website","url":"https:\/\/preppingpro.com\/","name":"Prepping Pro","description":"Prepper Supplies &amp; Gear | Survival Kits | Prepping Products","publisher":{"@id":"https:\/\/preppingpro.com\/#organization"},"potentialAction":[{"@type":"SearchAction","target":{"@type":"EntryPoint","urlTemplate":"https:\/\/preppingpro.com\/?s={search_term_string}"},"query-input":{"@type":"PropertyValueSpecification","valueRequired":true,"valueName":"search_term_string"}}],"inLanguage":"en-US"},{"@type":"Organization","@id":"https:\/\/preppingpro.com\/#organization","name":"Prepping Pro","url":"https:\/\/preppingpro.com\/","logo":{"@type":"ImageObject","inLanguage":"en-US","@id":"https:\/\/preppingpro.com\/#\/schema\/logo\/image\/","url":"https:\/\/preppingpro.com\/wp-content\/uploads\/2026\/02\/prepping-pro-logo-2.png","contentUrl":"https:\/\/preppingpro.com\/wp-content\/uploads\/2026\/02\/prepping-pro-logo-2.png","width":1024,"height":1024,"caption":"Prepping Pro"},"image":{"@id":"https:\/\/preppingpro.com\/#\/schema\/logo\/image\/"}}]},"product_price_amount":"149.99","product_price_currency":"USD","og_availability":"instock","product_availability":"instock","product_retailer_item_id":"FS60","product_condition":"new"},"_links":{"self":[{"href":"https:\/\/preppingpro.com\/index.php\/wp-json\/wp\/v2\/product\/1792","targetHints":{"allow":["GET"]}}],"collection":[{"href":"https:\/\/preppingpro.com\/index.php\/wp-json\/wp\/v2\/product"}],"about":[{"href":"https:\/\/preppingpro.com\/index.php\/wp-json\/wp\/v2\/types\/product"}],"wp:featuredmedia":[{"embeddable":true,"href":"https:\/\/preppingpro.com\/index.php\/wp-json\/wp\/v2\/media\/1861"}],"wp:attachment":[{"href":"https:\/\/preppingpro.com\/index.php\/wp-json\/wp\/v2\/media?parent=1792"}],"wp:term":[{"taxonomy":"product_brand","embeddable":true,"href":"https:\/\/preppingpro.com\/index.php\/wp-json\/wp\/v2\/product_brand?post=1792"},{"taxonomy":"product_cat","embeddable":true,"href":"https:\/\/preppingpro.com\/index.php\/wp-json\/wp\/v2\/product_cat?post=1792"},{"taxonomy":"product_tag","embeddable":true,"href":"https:\/\/preppingpro.com\/index.php\/wp-json\/wp\/v2\/product_tag?post=1792"}],"curies":[{"name":"wp","href":"https:\/\/api.w.org\/{rel}","templated":true}]}}